{"id":179,"date":"2025-10-30T14:48:53","date_gmt":"2025-10-30T14:48:53","guid":{"rendered":"https:\/\/hookbook.info\/?page_id=179"},"modified":"2025-10-30T14:49:15","modified_gmt":"2025-10-30T14:49:15","slug":"withdrawal-policy","status":"publish","type":"page","link":"https:\/\/hookbook.info\/?page_id=179","title":{"rendered":"Withdrawal Policy"},"content":{"rendered":"\t\t<div data-elementor-type=\"wp-page\" data-elementor-id=\"179\" class=\"elementor elementor-179\">\n\t\t\t\t<div class=\"elementor-element elementor-element-f792d3d e-flex e-con-boxed e-con e-parent\" data-id=\"f792d3d\" data-element_type=\"container\">\n\t\t\t\t\t<div class=\"e-con-inner\">\n\t\t\t\t<div class=\"elementor-element elementor-element-7589d94 elementor-widget elementor-widget-text-editor\" data-id=\"7589d94\" data-element_type=\"widget\" data-widget_type=\"text-editor.default\">\n\t\t\t\t\t\t\t\t\t<h1 data-start=\"356\" data-end=\"380\"><strong data-start=\"358\" data-end=\"380\">Widerrufsbelehrung<\/strong><\/h1><h2 data-start=\"382\" data-end=\"404\">1. Widerrufsrecht<\/h2><p data-start=\"405\" data-end=\"501\">Sie haben das Recht, binnen <strong data-start=\"433\" data-end=\"445\">14 Tagen<\/strong> ohne Angabe von Gr\u00fcnden diesen Vertrag zu widerrufen.<\/p><p data-start=\"503\" data-end=\"579\">Die Widerrufsfrist betr\u00e4gt vierzehn Tage ab dem Tag des Vertragsschlusses.<\/p><p data-start=\"581\" data-end=\"630\">Um Ihr Widerrufsrecht auszu\u00fcben, m\u00fcssen Sie uns<\/p><p data-start=\"632\" data-end=\"734\"><strong data-start=\"632\" data-end=\"659\">HookBook \u2013 Oliver Mucha<\/strong><br data-start=\"659\" data-end=\"662\" \/>Moselweg 13<br data-start=\"673\" data-end=\"676\" \/>51789 Lindlar, Deutschland<br data-start=\"702\" data-end=\"705\" \/>E-Mail: <strong data-start=\"713\" data-end=\"732\">hookbook@web.de<\/strong><\/p><p data-start=\"736\" data-end=\"898\">mittels einer eindeutigen Erkl\u00e4rung (z. B. ein mit der Post versandter Brief oder eine E-Mail) \u00fcber Ihren Entschluss, diesen Vertrag zu widerrufen, informieren.<\/p><p data-start=\"900\" data-end=\"1006\">Sie k\u00f6nnen daf\u00fcr das beigef\u00fcgte Muster-Widerrufsformular verwenden, das jedoch nicht vorgeschrieben ist.<\/p><p data-start=\"1008\" data-end=\"1155\">Zur Wahrung der Widerrufsfrist reicht es aus, dass Sie die Mitteilung \u00fcber die Aus\u00fcbung des Widerrufsrechts vor Ablauf der Widerrufsfrist absenden.<\/p><hr data-start=\"1157\" data-end=\"1160\" \/><h2 data-start=\"1162\" data-end=\"1190\">2. Folgen des Widerrufs<\/h2><p data-start=\"1191\" data-end=\"1664\">Wenn Sie diesen Vertrag widerrufen, haben wir Ihnen <strong data-start=\"1243\" data-end=\"1261\">alle Zahlungen<\/strong>, die wir von Ihnen erhalten haben, einschlie\u00dflich der Lieferkosten (mit Ausnahme der zus\u00e4tzlichen Kosten, die sich daraus ergeben, dass Sie eine andere Art der Lieferung als die von uns angebotene, g\u00fcnstigste Standardlieferung gew\u00e4hlt haben), unverz\u00fcglich und sp\u00e4testens binnen <strong data-start=\"1540\" data-end=\"1552\">14 Tagen<\/strong> ab dem Tag zur\u00fcckzuzahlen, an dem die Mitteilung \u00fcber Ihren Widerruf dieses Vertrags bei uns eingegangen ist.<\/p><p data-start=\"1666\" data-end=\"1928\">F\u00fcr diese R\u00fcckzahlung verwenden wir dasselbe Zahlungsmittel, das Sie bei der urspr\u00fcnglichen Transaktion eingesetzt haben, es sei denn, mit Ihnen wurde ausdr\u00fccklich etwas anderes vereinbart. In keinem Fall werden Ihnen wegen dieser R\u00fcckzahlung Entgelte berechnet.<\/p><hr data-start=\"1930\" data-end=\"1933\" \/><h2 data-start=\"1935\" data-end=\"2000\">3. Ausschluss bzw. vorzeitiges Erl\u00f6schen des Widerrufsrechts<\/h2><p data-start=\"2001\" data-end=\"2303\">Das Widerrufsrecht besteht <strong data-start=\"2028\" data-end=\"2037\">nicht<\/strong> bei Vertr\u00e4gen zur Lieferung von <strong data-start=\"2070\" data-end=\"2092\">digitalen Inhalten<\/strong>, die <strong data-start=\"2098\" data-end=\"2142\">nicht auf einem k\u00f6rperlichen Datentr\u00e4ger<\/strong> geliefert werden (z. B. App-Downloads oder digitale Abonnements), wenn der Unternehmer mit der Ausf\u00fchrung des Vertrags begonnen hat,<br data-start=\"2275\" data-end=\"2278\" \/>nachdem der Verbraucher<\/p><ol data-start=\"2305\" data-end=\"2575\"><li data-start=\"2305\" data-end=\"2434\"><p data-start=\"2308\" data-end=\"2434\">ausdr\u00fccklich zugestimmt hat, dass der Unternehmer mit der Ausf\u00fchrung des Vertrags vor Ablauf der Widerrufsfrist beginnt, und<\/p><\/li><li data-start=\"2435\" data-end=\"2575\"><p data-start=\"2438\" data-end=\"2575\">seine Kenntnis davon best\u00e4tigt hat, dass er durch seine Zustimmung mit Beginn der Ausf\u00fchrung des Vertrags sein Widerrufsrecht verliert.<\/p><\/li><\/ol><hr data-start=\"2577\" data-end=\"2580\" \/><h2 data-start=\"2582\" data-end=\"2614\">4. Muster-Widerrufsformular<\/h2><p data-start=\"2615\" data-end=\"2726\">(Wenn Sie den Vertrag widerrufen wollen, dann f\u00fcllen Sie bitte dieses Formular aus und senden Sie es zur\u00fcck.)<\/p><p data-start=\"2728\" data-end=\"2819\"><strong data-start=\"2728\" data-end=\"2735\">An:<\/strong><br data-start=\"2735\" data-end=\"2738\" \/>HookBook \u2013 Oliver Mucha<br data-start=\"2761\" data-end=\"2764\" \/>Moselweg 13<br data-start=\"2775\" data-end=\"2778\" \/>51789 Lindlar<br data-start=\"2791\" data-end=\"2794\" \/>E-Mail: <a class=\"decorated-link cursor-pointer\" rel=\"noopener\" data-start=\"2802\" data-end=\"2817\">hookbook@web.de<\/a><\/p><p data-start=\"2821\" data-end=\"2943\">Hiermit widerrufe(n) ich\/wir (<em data-start=\"2851\" data-end=\"2872\">) den von mir\/uns (<\/em>) abgeschlossenen Vertrag \u00fcber den Kauf der folgenden Dienstleistung:<\/p><hr data-start=\"2945\" data-end=\"3000\" \/><hr data-start=\"3001\" data-end=\"3056\" \/><p data-start=\"3058\" data-end=\"3115\">Bestellt am (<em data-start=\"3071\" data-end=\"3101\">) __________ \/ erhalten am (<\/em>) __________<\/p><p data-start=\"3117\" data-end=\"3147\">Name des\/der Verbraucher(s):<\/p><hr data-start=\"3148\" data-end=\"3203\" \/><p data-start=\"3205\" data-end=\"3240\">Anschrift des\/der Verbraucher(s):<\/p><hr data-start=\"3241\" data-end=\"3296\" \/><p data-start=\"3298\" data-end=\"3368\">Unterschrift des\/der Verbraucher(s) (nur bei Mitteilung auf Papier):<\/p><hr data-start=\"3369\" data-end=\"3424\" \/><p data-start=\"3426\" data-end=\"3454\">Datum: ___________________<\/p><p data-start=\"3456\" data-end=\"3487\">(*) Unzutreffendes streichen.<\/p><hr data-start=\"3489\" data-end=\"3492\" \/><p data-start=\"3494\" data-end=\"3520\">\ud83d\udcc4 <strong data-start=\"3497\" data-end=\"3507\">Stand:<\/strong> 30.10.2025<\/p>\t\t\t\t\t\t\t\t<\/div>\n\t\t\t\t\t<\/div>\n\t\t\t\t<\/div>\n\t\t\t\t<\/div>\n\t\t","protected":false},"excerpt":{"rendered":"<p>Widerrufsbelehrung 1. Widerrufsrecht Sie haben das Recht, binnen 14 Tagen ohne Angabe von Gr\u00fcnden diesen Vertrag zu widerrufen. Die Widerrufsfrist betr\u00e4gt vierzehn Tage ab dem Tag des Vertragsschlusses. Um Ihr Widerrufsrecht auszu\u00fcben, m\u00fcssen Sie uns HookBook \u2013 Oliver MuchaMoselweg 1351789 Lindlar, DeutschlandE-Mail: hookbook@web.de mittels einer eindeutigen Erkl\u00e4rung (z. B. ein mit der Post versandter Brief [&hellip;]<\/p>\n","protected":false},"author":1,"featured_media":0,"parent":0,"menu_order":0,"comment_status":"closed","ping_status":"closed","template":"","meta":{"footnotes":""},"class_list":["post-179","page","type-page","status-publish","hentry"],"_links":{"self":[{"href":"https:\/\/hookbook.info\/index.php?rest_route=\/wp\/v2\/pages\/179","targetHints":{"allow":["GET"]}}],"collection":[{"href":"https:\/\/hookbook.info\/index.php?rest_route=\/wp\/v2\/pages"}],"about":[{"href":"https:\/\/hookbook.info\/index.php?rest_route=\/wp\/v2\/types\/page"}],"author":[{"embeddable":true,"href":"https:\/\/hookbook.info\/index.php?rest_route=\/wp\/v2\/users\/1"}],"replies":[{"embeddable":true,"href":"https:\/\/hookbook.info\/index.php?rest_route=%2Fwp%2Fv2%2Fcomments&post=179"}],"version-history":[{"count":4,"href":"https:\/\/hookbook.info\/index.php?rest_route=\/wp\/v2\/pages\/179\/revisions"}],"predecessor-version":[{"id":183,"href":"https:\/\/hookbook.info\/index.php?rest_route=\/wp\/v2\/pages\/179\/revisions\/183"}],"wp:attachment":[{"href":"https:\/\/hookbook.info\/index.php?rest_route=%2Fwp%2Fv2%2Fmedia&parent=179"}],"curies":[{"name":"wp","href":"https:\/\/api.w.org\/{rel}","templated":true}]}}